e 12, what is -1 + 1032?
1031
In base 12, what is -a + -40?
-4a
In base 11, what is -14 - -7?
-8
In base 4, what is -103 - 20?
-123
In base 16, what is 398 - 1?
397
In base 9, what is 2 - -80?
82
In base 2, what is -101 - -101010000?
101001011
In base 9, what is 40438 - 1?
40437
In base 16, what is -41 - 5?
-46
In base 9, what is 75 - -5?
81
In base 9, what is -3 + 168?
165
In base 15, what is -3e - -6?
-38
In base 16, what is -2d - 5b?
-88
In base 6, what is -2124 - 45?
-2213
In base 2, what is 101 - -111001?
111110
In base 8, what is 2 - 20?
-16
In base 7, what is -6 + -645?
-654
In base 6, what is -1 + 111?
110
In base 13, what is 228 - 1?
227
In base 7, what is 2 - 3554?
-3552
In base 12, what is -5887 - -2?
-5885
In base 9, what is 475 - 5?
470
In base 11, what is 2341 + 4?
2345
In base 9, what is 21 - -8?
30
In base 3, what is -222 - -201?
-21
In base 6, what is 43232 + 5?
43241
In base 14, what is b5 - 4?
b1
In base 6, what is 3 + -11?
-4
In base 8, what is 1017 - 12?
1005
In base 11, what is -5 - a6?
-100
In base 12, what is 35 + 17?
50
In base 6, what is 1 - 4432?
-4431
In base 7, what is 2 - -1?
3
In base 2, what is 1101 - 111?
110
In base 9, what is 350 - -2?
352
In base 2, what is -1011 + -1000110?
-1010001
In base 9, what is 15478 + 1?
15480
In base 4, what is 10 - -1111?
1121
In base 9, what is 4 + -1678?
-1674
In base 11, what is -1 + -527?
-528
In base 2, what is -1 + 1000010?
1000001
In base 8, what is 1664 - -3?
1667
In base 2, what is 111 + -1001?
-10
In base 9, what is -140 - -1?
-138
In base 4, what is 110 - 31?
13
In base 13, what is 252 + -4?
24b
In base 12, what is -316 + 3?
-313
In base 16, what is 7969 - 2?
7967
In base 15, what is -3d + 7d?
40
In base 14, what is 2 - 2635?
-2633
In base 4, what is -3 - -1003?
1000
In base 4, what is -3211110 - 2?
-3211112
In base 7, what is 44 - 21?
23
In base 10, what is -21 + 60?
39
In base 9, what is 457 - -20?
477
In base 2, what is -101 - 11000101?
-11001010
In base 3, what is 1010 - -11?
1021
In base 4, what is 1 - 220?
-213
In base 3, what is 0 + 1122?
1122
In base 3, what is -22112002 - -11?
-22111221
In base 13, what is -4 - -3a?
36
In base 12, what is 0 + 78?
78
In base 12, what is 18aa7 - -2?
18aa9
In base 11, what is -11 + -51?
-62
In base 3, what is -20 - 2200?
-2220
In base 13, what is 10 - 6?
7
In base 10, what is 14 + 20?
34
In base 8, what is 0 - -330?
330
In base 11, what is a - -889?
898
In base 4, what is -33 + -1210?
-1303
In base 10, what is -23 - -469?
446
In base 16, what is 6 + b60?
b66
In base 10, what is -4 + -131?
-135
In base 6, what is -351 - 1?
-352
In base 13, what is 35 - -1?
36
In base 13, what is 163 - -a?
170
In base 2, what is -10000 - 10001?
-100001
In base 11, what is -33 - 5?
-38
In base 5, what is -120 + 10?
-110
In base 9, what is 210 + -5?
204
In base 6, what is -3 - 33?
-40
In base 9, what is 200 + 21?
221
In base 11, what is -43 - 9?
-51
In base 16, what is -5 - -128?
123
In base 6, what is -43 - -154?
111
In base 7, what is 1 - 242?
-241
In base 11, what is 106 + -1?
105
In base 8, what is 567 - 16?
551
In base 15, what is -2e + a3?
74
In base 7, what is 203 - -10?
213
In base 12, what is 114b + 2?
1151
In base 15, what is 2 - 103?
-101
In base 7, what is 65 - -2?
100
In base 5, what is -33433 + 14?
-33414
In base 11, what is 12 - -a7?
109
In base 11, what is 196 - 3?
193
In base 11, what is -2 - -24?
22
In base 12, what is -6 - 762?
-768
In base 6, what is -113 + -53?
-210
In base 8, what is -1 + -341?
-342
In base 4, what is 1 - 23221?
-23220
In base 15, what is 2 - 6ac?
-6aa
In base 7, what is 2 - -4106?
4111
In base 6, what is -31 + 10?
-21
In base 16, what is -1e - -5?
-19
In base 8, what is -5 - 111?
-116
In base 14, what is 5 - -736?
73b
In base 4, what is 11 + 300?
311
In base 5, what is 202 - 30?
122
In base 7, what is -4 + 126?
122
In base 14, what is 25 + -82?
-5b
In base 5, what is 2030 + -2?
2023
In base 16, what is 29 - -8?
31
In base 12, what is 3 - 1366?
-1363
In base 8, what is 100 + 303?
403
In base 2, what is 10 - 101101110100?
-101101110010
In base 9, what is -4 + 758?
754
In base 16, what is 137 - -2?
139
In base 14, what is 3 - -15b?
160
In base 8, what is -1 + 4443?
4442
In base 3, what is -222 - -2000?
1001
In base 4, what is -1 + 1202222?
1202221
In base 8, what is 10254 + -7?
10245
In base 13, what is -b - 384?
-392
In base 5, what is -40 + 11?
-24
In base 5, what is -4 - -222131?
222122
In base 15, what is -56d + -3?
-571
In base 3, what is -11211 + -120?
-12101
In base 4, what is -1 - 22101?
-22102
In base 12, what is -1 - 4a?
-4b
In base 11, what is -782a - 2?
-7831
In base 8, what is 16 + -54?
-36
In base 2, what is 110 - 10010001?
-10001011
In base 14, what is -14 + -255?
-269
In base 13, what is 0 + -15?
-15
In base 11, what is -478 + -4?
-481
In base 8, what is -10 - 5?
-15
In base 7, what is -53 + 1?
-52
In base 9, what is 2 + 150?
152
In base 13, what is -1 + 18?
17
In base 9, what is 281 + 3?
284
In base 4, what is -12 + 111?
33
In base 4, what is 11 + -322?
-311
In base 4, what is -21 + -1101?
-1122
In base 4, what is -10 + 20023?
20013
In base 3, what is -11 - 10010?
-10021
In base 3, what is 0 - 1101211?
-1101211
In base 11, what is -1789 + -1?
-178a
In base 11, what is -2 + 97?
95
In base 3, what is -12 + -122?
-211
In base 4, what is -1 - 2013?
-2020
In base 16, what is -2 + -3f?
-41
In base 15, what is 1b + -137?
-11b
In base 5, what is 10 + 112?
122
In base 3, what is -100 - 11?
-111
In base 13, what is 27c + -3?
279
In base 7, what is 33 + -46?
-13
In base 11, what is 1 + -38?
-37
In base 8, what is -5 + 121?
114
In base 14, what is -138 - 3?
-13b
In base 8, what is -2 + 473?
471
In base 11, what is 4 + -4a98?
-4a94
In base 7, what is 2 + -112?
-110
In base 10, what is 634 - 22?
612
In base 16, what is -17c + 0?
-17c
In base 3, what is 0 - -20221?
20221
In base 8, what is -110 + 6?
-102
In base 14, what is b + -19b?
-190
In base 5, what is -40 + -1?
-41
In base 14, what is 7 - c7?
-c0
In base 16, what is e + 1a?
28
In base 8, what is 4 - -4326?
4332
In base 14, what is c + b?
19
In base 4, what is 1 - 113?
-112
In base 9, what is -11 + -22?
-33
In base 12, what is -10 + -53?
-63
In base 10, what is -29 + 11?
-18
In base 11, what is -1 + -72?
-73
In base 16, what is 13 + 0?
13
In base 4, what is -11103320 - 11?
-11103331
In base 10, what is 11 + -5?
6
In base 3, what is 10 - 2022?
-2012
In base 13, what is 0 - 498?
-498
In base 14, what is -1 - -5?
4
In base 15, what is -bd - 2?
-c0
In base 2, what is 10101100111 + 1?
10101101000
In base 8, what is -1437 - 0?
-1437
In base 9, what is -4605 - 5?
-4611
In base 5, what is 1022403 + -1?
1022402
In base 7, what is -14203 - -5?
-14165
In base 4, what is -1 - 110?
-111
In base 15, what is 2c47 + -4?
2c43
In base 14, what is 0 - -54?
54
In base 4, what is -313330 + -10?
-320000
In base 16, what is -50 + 36?
-1a
In base 15, what is -9 - 56d?
-577
In base 16, what is 3 - d?
-a
In base 14, what is -3 + -cc?
-d1
In base 11, what is -42 + 1?
-41
In base 15, what is a6 + -13?
93
In base 13, what is -2c3 + -30?
-323
In base 2, what is 0 + -1101000?
-1101000
In base 16, what is 100 - -2?
102
In base 15, what is 10 + -5a9?
-599
In base 2, what is 101010100 + 10?
101010110
In base 14, what is 7264 - 0?
7264
In base 5, what is 0 + 421?
421
In base 8, what is -13356 + 3?
-13353
In base 8, what is -33 + 12?
-21
In base 2, what is -10101111100 - -100?
-10101111000
In base 2, what is 111 + -10001?
-1010
In base 16, what is f + 17?
26
In base 5, what is 21 - 102?
-31
In base 4, what is -10130023 + -11?
-10130100
In base 3, what is -20002 - -112?
-12120
In base 7, what is -1015 + 5?
-1010
In base 12, what is -134 + 13?
-121
In base 12, what is -232 - 3?
-235
In base 2, what is 110 - -110000011?
110001001
In base 16, what is f1 - -4?
f5
In base 5, what is -2 + 0?
-2
In base 7, what is 4 + 36?
43
In base 13, what is -17 + -102?
-119
In base 12, what is 11 - -45?
56
In base 6, what is 12 + -4?
4
In base 3, what is -221002 + -1?
-221010
In base 6, what is 5143 + -1?
5142
In base 15, what is -13c0 + 1?
-13be
In base 15, what is -8 + -66?
-6e
In base 4, what is -111 - 2013?
-2130
In base 13, what is 2 - 1a90?
-1a8b
In base 3, what is 2 + -21022?
-21020
In base 8, what is 